{"id":1356,"date":"2024-10-08T09:23:04","date_gmt":"2024-10-08T09:23:04","guid":{"rendered":"https:\/\/pizzeriamirella.se\/?page_id=1356"},"modified":"2025-05-06T16:40:14","modified_gmt":"2025-05-06T16:40:14","slug":"pasta","status":"publish","type":"page","link":"https:\/\/pizzeriamirella.se\/?page_id=1356","title":{"rendered":"Pasta"},"content":{"rendered":"<h1>Pasta fr\u00e5n Pizzeria Mirella<\/h1>\n<h1>God pasta fr\u00e5n Mirella<\/h1>\n<h2>Pasta<\/h2>\n<h2>Pasta<\/h2>\n<ul>\n<li>\n<h3>Frutti Di Mare<\/h3>\n<p>179:-<\/p>\n<div>\n<p>Schampi, r\u00e4kor, bl\u00e5musslor, gr\u00f6na musslor, vitl\u00f6k, sambal, grana padana &amp; kr\u00e4mig tomats\u00e5s.<\/p>\n<\/div>\n<\/li>\n<li>\n<h3>Linguine ala Fresca<\/h3>\n<p>169:-<\/p>\n<div>\n<p>F\u00e4rsk mozzarela, vitl\u00f6k, sambal, basilika, grana padana &amp; kr\u00e4mig tomats\u00e5s.<\/p>\n<\/div>\n<\/li>\n<li>\n<h3>Linguine ala Portofino<\/h3>\n<p>175:-<\/p>\n<div>\n<p>Lax, kron\u00e4rtskockshj\u00e4rta, dill, vitl\u00f6k, sambal, grana padana &amp; kr\u00e4mig tomats\u00e5s.<\/p>\n<\/div>\n<\/li>\n<li>\n<h3>Linguine ala Formaggio<\/h3>\n<p>169:-<\/p>\n<div>\n<p>4 sorters ost, spenat, soltorkat tomat, vitl\u00f6k, sambal, grana padano, kr\u00e4mig s\u00e5s.<\/p>\n<\/div>\n<\/li>\n<li>\n<h3>Penne Pollo<\/h3>\n<p>169:-<\/p>\n<div>\n<p>Kycklingfile, paprika, l\u00f6k, dragon, vitl\u00f6k, sambal &amp; kr\u00e4mig s\u00e5s.<\/p>\n<\/div>\n<\/li>\n<li>\n<h3>Penne Di Manzo<\/h3>\n<p>179:-<\/p>\n<div>\n<p>oxfil\u00e9, champinjoner, tryffelkr\u00e4m, vitl\u00f6k, sambal, kr\u00e4mig s\u00e5s .<\/p>\n<\/div>\n<\/li>\n<li>\n<h3>Carbonara<\/h3>\n<p>169:-<\/p>\n<div>\n<p>Bacon, \u00e4gg-gula, svartpeppar, grana padana &amp; kr\u00e4mig s\u00e5s.<\/p>\n<\/div>\n<\/li>\n<li>\n<h3>Spagetti bolognese<\/h3>\n<p>169:-<\/p>\n<div>\n<p>med k\u00f6ttf\u00e4rss\u00e5s\u00a0<\/p>\n<\/div>\n<\/li>\n<\/ul>\n<h2>Ugnsgratinerad<\/h2>\n<ul>\n<li>\n<h3>Canneloni<\/h3>\n<p>169:-<\/p>\n<div>\n<p>F\u00e4rska pastarullar m riccotaost, spenat, mozzarella &amp; kr\u00e4mmig tomats\u00e5s.<\/p>\n<\/div>\n<\/li>\n<li>\n<h3>Delizze<\/h3>\n<p>169:-<\/p>\n<div>\n<p>F\u00e4rska pastarullar fyllda m zuccini, mozzarella, skinka &amp; kr\u00e4mig tomats\u00e5s.<\/p>\n<\/div>\n<\/li>\n<li>\n<h3>Lasagna<\/h3>\n<p>169:-<\/p>\n<div>\n<p>F\u00e4rska pasta, n\u00f6tf\u00e4rms &amp; kr\u00e4mig tomats\u00e5s.<\/p>\n<\/div>\n<\/li>\n<\/ul>\n<p><!--more--><br \/>\n<!-- {\"type\":\"layout\",\"children\":[{\"name\":\"Hero\",\"type\":\"section\",\"props\":{\"animation\":\"scale-up\",\"header_transparent\":true,\"header_transparent_noplaceholder\":false,\"height\":\"viewport\",\"height_offset_top\":true,\"height_viewport\":80,\"image\":\"wp-content\\\/uploads\\\/photo-1447279506476-3faec8071eee.jpg\",\"image_loading\":true,\"image_position\":\"center-center\",\"image_size\":\"cover\",\"media_blend_mode\":\"overlay\",\"media_overlay\":\"rgba(101, 99, 99, 0.35)\",\"padding\":\"xsmall\",\"style\":\"default\",\"text_color\":\"light\",\"title_breakpoint\":\"xl\",\"title_position\":\"top-left\",\"title_rotation\":\"left\",\"vertical_align\":\"middle\",\"width\":\"expand\"},\"children\":[{\"type\":\"row\",\"children\":[{\"type\":\"column\",\"props\":{\"image_position\":\"center-center\",\"position_sticky_breakpoint\":\"m\",\"width_medium\":\"1-1\"},\"children\":[{\"type\":\"headline\",\"props\":{\"content\":\"Pasta fr\\u00e5n Pizzeria Mirella\",\"text_align\":\"center\",\"title_element\":\"h1\"}},{\"type\":\"headline\",\"props\":{\"content\":\"God pasta fr\\u00e5n Mirella\",\"text_align\":\"center\",\"title_element\":\"h1\",\"title_style\":\"h4\"}}]}]}]},{\"name\":\"Pizzor\",\"type\":\"section\",\"props\":{\"image_effect\":\"parallax\",\"image_parallax_bgy\":\"-600,0\",\"image_parallax_easing\":\"1\",\"image_position\":\"center-right\",\"image_width\":\"480\",\"media_visibility\":\"m\",\"padding\":\"small\",\"style\":\"default\",\"title_breakpoint\":\"xl\",\"title_position\":\"top-left\",\"title_rotation\":\"left\",\"vertical_align\":\"\",\"width\":\"xlarge\"},\"children\":[{\"type\":\"row\",\"children\":[{\"type\":\"column\",\"props\":{\"image_position\":\"center-center\",\"position_sticky_breakpoint\":\"m\",\"width_medium\":\"1-1\"},\"children\":[{\"type\":\"headline\",\"props\":{\"content\":\"Pasta\",\"text_align\":\"center\",\"title_element\":\"h2\",\"title_style\":\"heading-medium\"}}]}]},{\"type\":\"row\",\"props\":{\"column_gap\":\"large\",\"layout\":\"1-3,1-3,1-3\",\"margin\":\"large\",\"margin_remove_top\":false,\"row_gap\":\"large\"},\"children\":[{\"type\":\"column\",\"props\":{\"image_position\":\"center-center\",\"position_sticky_breakpoint\":\"m\",\"width_medium\":\"1-3\"}},{\"type\":\"column\",\"props\":{\"image_position\":\"center-center\",\"position_sticky_breakpoint\":\"m\",\"width_medium\":\"1-3\"}},{\"type\":\"column\",\"props\":{\"image_position\":\"center-center\",\"position_sticky_breakpoint\":\"m\",\"width_medium\":\"1-3\"}}]},{\"type\":\"row\",\"props\":{\"column_gap\":\"large\",\"layout\":\"1-2,1-2\",\"margin\":\"large\",\"margin_remove_top\":false,\"row_gap\":\"large\"},\"children\":[{\"type\":\"column\",\"props\":{\"image_position\":\"center-center\",\"position_sticky_breakpoint\":\"m\",\"width_medium\":\"1-2\"},\"children\":[{\"type\":\"headline\",\"props\":{\"content\":\"Pasta\",\"text_align\":\"center\",\"title_element\":\"h2\",\"title_style\":\"h2\"}},{\"type\":\"description_list\",\"props\":{\"column_breakpoint\":\"m\",\"layout\":\"grid-2-m\",\"list_element\":\"ul\",\"list_size\":\"large\",\"meta_align\":\"below-content\",\"meta_style\":\"h5\",\"show_content\":true,\"show_link\":true,\"show_meta\":true,\"show_title\":true,\"title_element\":\"h3\",\"title_grid_column_gap\":\"small\",\"title_grid_row_gap\":\"small\",\"title_grid_width\":\"expand\",\"title_style\":\"h5\"},\"children\":[{\"type\":\"description_list_item\",\"props\":{\"content\":\"\n\n<p>Schampi, r\\u00e4kor, bl\\u00e5musslor, gr\\u00f6na musslor, vitl\\u00f6k, sambal, grana padana &amp; kr\\u00e4mig tomats\\u00e5s.<\\\/p>\",\"meta\":\"179:-\",\"title\":\"Frutti Di Mare\"}},{\"type\":\"description_list_item\",\"props\":{\"content\":\"\n\n<p>F\\u00e4rsk mozzarela, vitl\\u00f6k, sambal, basilika, grana padana &amp; kr\\u00e4mig tomats\\u00e5s.<\\\/p>\",\"meta\":\"169:-\",\"title\":\"Linguine ala Fresca\"}},{\"type\":\"description_list_item\",\"props\":{\"content\":\"\n\n<p>Lax, kron\\u00e4rtskockshj\\u00e4rta, dill, vitl\\u00f6k, sambal, grana padana &amp; kr\\u00e4mig tomats\\u00e5s.<\\\/p>\",\"meta\":\"175:-\",\"title\":\"Linguine ala Portofino\"}},{\"type\":\"description_list_item\",\"props\":{\"content\":\"\n\n<p>4 sorters ost, spenat, soltorkat tomat, vitl\\u00f6k, sambal, grana padano, kr\\u00e4mig s\\u00e5s.<\\\/p>\",\"meta\":\"169:-\",\"title\":\"Linguine ala Formaggio\"}},{\"type\":\"description_list_item\",\"props\":{\"content\":\"\n\n<p>Kycklingfile, paprika, l\\u00f6k, dragon, vitl\\u00f6k, sambal &amp; kr\\u00e4mig s\\u00e5s.<\\\/p>\",\"meta\":\"169:-\",\"title\":\"Penne Pollo\"}},{\"type\":\"description_list_item\",\"props\":{\"content\":\"\n\n<p>oxfil\\u00e9, champinjoner, tryffelkr\\u00e4m, vitl\\u00f6k, sambal, kr\\u00e4mig s\\u00e5s .<\\\/p>\",\"meta\":\"179:-\",\"title\":\"Penne Di Manzo\"}},{\"type\":\"description_list_item\",\"props\":{\"content\":\"\n\n<p>Bacon, \\u00e4gg-gula, svartpeppar, grana padana &amp; kr\\u00e4mig s\\u00e5s.<\\\/p>\",\"meta\":\"169:-\",\"title\":\"Carbonara\"}},{\"type\":\"description_list_item\",\"props\":{\"content\":\"\n\n<p>med k\\u00f6ttf\\u00e4rss\\u00e5s\\u00a0<\\\/p>\",\"meta\":\"169:-\",\"title\":\"Spagetti bolognese\"}}]}]},{\"type\":\"column\",\"props\":{\"image_position\":\"center-center\",\"position_sticky_breakpoint\":\"m\",\"width_medium\":\"1-2\"},\"children\":[{\"type\":\"headline\",\"props\":{\"content\":\"Ugnsgratinerad\",\"text_align\":\"center\",\"title_element\":\"h2\",\"title_style\":\"h2\"}},{\"type\":\"description_list\",\"props\":{\"column_breakpoint\":\"m\",\"layout\":\"grid-2-m\",\"list_element\":\"ul\",\"list_size\":\"large\",\"meta_align\":\"below-content\",\"meta_style\":\"h5\",\"show_content\":true,\"show_link\":true,\"show_meta\":true,\"show_title\":true,\"title_element\":\"h3\",\"title_grid_column_gap\":\"small\",\"title_grid_row_gap\":\"small\",\"title_grid_width\":\"expand\",\"title_style\":\"h5\"},\"children\":[{\"type\":\"description_list_item\",\"props\":{\"content\":\"\n\n<p>F\\u00e4rska pastarullar m riccotaost, spenat, mozzarella &amp; kr\\u00e4mmig tomats\\u00e5s.<\\\/p>\",\"meta\":\"169:-\",\"title\":\"Canneloni\"}},{\"type\":\"description_list_item\",\"props\":{\"content\":\"\n\n<p>F\\u00e4rska pastarullar fyllda m zuccini, mozzarella, skinka &amp; kr\\u00e4mig tomats\\u00e5s.<\\\/p>\",\"meta\":\"169:-\",\"title\":\"Delizze\"}},{\"type\":\"description_list_item\",\"props\":{\"content\":\"\n\n<p>F\\u00e4rska pasta, n\\u00f6tf\\u00e4rms &amp; kr\\u00e4mig tomats\\u00e5s.<\\\/p>\",\"meta\":\"169:-\",\"title\":\"Lasagna\"}}]}]}]}]},{\"name\":\"Gallery\",\"type\":\"section\",\"props\":{\"image_position\":\"center-center\",\"padding_remove_top\":true,\"style\":\"default\",\"title_breakpoint\":\"xl\",\"title_position\":\"top-left\",\"title_rotation\":\"left\",\"vertical_align\":\"\",\"width\":\"\"},\"children\":[{\"type\":\"row\",\"props\":{\"column_gap\":\"small\",\"layout\":\"1-3,1-3,1-3\",\"margin\":\"xlarge\",\"row_gap\":\"small\"},\"children\":[{\"type\":\"column\",\"props\":{\"css\":\".el-column {\\n\\tmin-height: 550px;\\n}\\n\\n@media (min-width: 1200px) {\\n    .el-column { min-height: 650px; }\\n}\\n\\n@media (min-width: 1921px) {\\n    .el-column { min-height: 750px; }\\n}\",\"image\":\"wp-content\\\/uploads\\\/2023\\\/05\\\/WhatsApp-Bild-2023-05-16-kl.-16.15.41.jpg\",\"image_position\":\"center-center\",\"image_size\":\"cover\",\"position_sticky_breakpoint\":\"m\",\"width_medium\":\"1-3\"}},{\"type\":\"column\",\"props\":{\"css\":\".el-column {\\n\\tmin-height: 300px;\\n}\",\"image\":\"wp-content\\\/uploads\\\/2023\\\/05\\\/WhatsApp-Bild-2023-05-16-kl.-16.17.05.jpg\",\"image_position\":\"center-center\",\"image_size\":\"cover\",\"position_sticky_breakpoint\":\"m\",\"width_medium\":\"1-3\"}},{\"type\":\"column\",\"props\":{\"css\":\".el-column {\\n\\tmin-height: 300px;\\n}\",\"image\":\"wp-content\\\/uploads\\\/2023\\\/05\\\/WhatsApp-Bild-2023-05-16-kl.-16.16.53.jpg\",\"image_position\":\"center-center\",\"image_size\":\"cover\",\"position_sticky_breakpoint\":\"m\",\"width_medium\":\"1-3\"}}]}]}],\"version\":\"4.5.15\"} --><\/p>\n","protected":false},"excerpt":{"rendered":"<p>Pasta fr\u00e5n Pizzeria Mirella God pasta fr\u00e5n Mirella Pasta Pasta Frutti Di Mare 179:- Schampi, r\u00e4kor, bl\u00e5musslor, gr\u00f6na musslor, vitl\u00f6k, sambal, grana padana &amp; kr\u00e4mig tomats\u00e5s. Linguine ala Fresca 169:- F\u00e4rsk mozzarela, vitl\u00f6k, sambal, basilika, grana padana &amp; kr\u00e4mig tomats\u00e5s. Linguine ala Portofino 175:- Lax, kron\u00e4rtskockshj\u00e4rta, dill, vitl\u00f6k, sambal, grana padana &amp; kr\u00e4mig tomats\u00e5s. Linguine [&hellip;]<\/p>\n","protected":false},"author":1,"featured_media":0,"parent":0,"menu_order":0,"comment_status":"closed","ping_status":"closed","template":"","meta":{"_acf_changed":false,"footnotes":""},"class_list":["post-1356","page","type-page","status-publish","hentry"],"acf":[],"_links":{"self":[{"href":"https:\/\/pizzeriamirella.se\/index.php?rest_route=\/wp\/v2\/pages\/1356","targetHints":{"allow":["GET"]}}],"collection":[{"href":"https:\/\/pizzeriamirella.se\/index.php?rest_route=\/wp\/v2\/pages"}],"about":[{"href":"https:\/\/pizzeriamirella.se\/index.php?rest_route=\/wp\/v2\/types\/page"}],"author":[{"embeddable":true,"href":"https:\/\/pizzeriamirella.se\/index.php?rest_route=\/wp\/v2\/users\/1"}],"replies":[{"embeddable":true,"href":"https:\/\/pizzeriamirella.se\/index.php?rest_route=%2Fwp%2Fv2%2Fcomments&post=1356"}],"version-history":[{"count":31,"href":"https:\/\/pizzeriamirella.se\/index.php?rest_route=\/wp\/v2\/pages\/1356\/revisions"}],"predecessor-version":[{"id":1457,"href":"https:\/\/pizzeriamirella.se\/index.php?rest_route=\/wp\/v2\/pages\/1356\/revisions\/1457"}],"wp:attachment":[{"href":"https:\/\/pizzeriamirella.se\/index.php?rest_route=%2Fwp%2Fv2%2Fmedia&parent=1356"}],"curies":[{"name":"wp","href":"https:\/\/api.w.org\/{rel}","templated":true}]}}